{"id":4642,"date":"2022-11-13T21:16:49","date_gmt":"2022-11-14T02:16:49","guid":{"rendered":"https:\/\/maxicomprasonline.com\/?post_type=product&#038;p=4642"},"modified":"2023-02-24T11:28:57","modified_gmt":"2023-02-24T16:28:57","slug":"special-seeds-nicol-cookies","status":"publish","type":"product","link":"https:\/\/maxicomprasonline.com\/?product=special-seeds-nicol-cookies","title":{"rendered":"SPECIAL SEEDS NICOL COOKIES"},"content":{"rendered":"<p><strong>NICOLE COOKIES:<\/strong><br \/>\n<strong>INDICA<\/strong>: 75%<br \/>\n<strong>THC<\/strong>: 17%<br \/>\n<strong>CBD<\/strong>: bajo<br \/>\n<strong>TIEMPO DE FLORACION<\/strong>: 8 a 9 semanas<br \/>\n<strong>EFECTO<\/strong>: Relajante<\/p>\n<p>Esta sepa deriva de la mitica Nicole Kush, mu\u00faltiple ganadora de la Cannabis Cup. Cuando esta leyenda se cruz\u00f3 con una cepa llamada Nicole, surgi\u00f3 la Nicole Kush, una experiencia Kush \u00fanica. Al fumarla. el consumidor experimenta sensaciones suaves y relajantes.<\/p>\n","protected":false},"excerpt":{"rendered":"<p>Esta sepa deriva de la mitica Nicole Kush, mu\u00faltiple ganadora de la Cannabis Cup. Cuando esta leyenda se cruz\u00f3 con una cepa llamada Nicole, surgi\u00f3 la Nicole Kush, una experiencia Kush \u00fanica. Al fumarla. el consumidor experimenta sensaciones suaves y relajantes.<\/p>\n","protected":false},"featured_media":4643,"comment_status":"open","ping_status":"closed","template":"","meta":{"site-sidebar-layout":"default","site-content-layout":"default","ast-global-header-display":"","ast-main-header-display":"","ast-hfb-above-header-display":"","ast-hfb-below-header-display":"","ast-hfb-mobile-header-display":"","site-post-title":"","ast-breadcrumbs-content":"","ast-featured-img":"","footer-sml-layout":"","theme-transparent-header-meta":"default","adv-header-id-meta":"","stick-header-meta":"","header-above-stick-meta":"","header-main-stick-meta":"","header-below-stick-meta":""},"product_cat":[27,29],"product_tag":[],"_links":{"self":[{"href":"https:\/\/maxicomprasonline.com\/index.php?rest_route=\/wp\/v2\/product\/4642"}],"collection":[{"href":"https:\/\/maxicomprasonline.com\/index.php?rest_route=\/wp\/v2\/product"}],"about":[{"href":"https:\/\/maxicomprasonline.com\/index.php?rest_route=\/wp\/v2\/types\/product"}],"replies":[{"embeddable":true,"href":"https:\/\/maxicomprasonline.com\/index.php?rest_route=%2Fwp%2Fv2%2Fcomments&post=4642"}],"wp:featuredmedia":[{"embeddable":true,"href":"https:\/\/maxicomprasonline.com\/index.php?rest_route=\/wp\/v2\/media\/4643"}],"wp:attachment":[{"href":"https:\/\/maxicomprasonline.com\/index.php?rest_route=%2Fwp%2Fv2%2Fmedia&parent=4642"}],"wp:term":[{"taxonomy":"product_cat","embeddable":true,"href":"https:\/\/maxicomprasonline.com\/index.php?rest_route=%2Fwp%2Fv2%2Fproduct_cat&post=4642"},{"taxonomy":"product_tag","embeddable":true,"href":"https:\/\/maxicomprasonline.com\/index.php?rest_route=%2Fwp%2Fv2%2Fproduct_tag&post=4642"}],"curies":[{"name":"wp","href":"https:\/\/api.w.org\/{rel}","templated":true}]}}