{"id":4620,"date":"2022-11-13T21:02:08","date_gmt":"2022-11-14T02:02:08","guid":{"rendered":"https:\/\/maxicomprasonline.com\/?post_type=product&#038;p=4620"},"modified":"2023-02-24T11:49:45","modified_gmt":"2023-02-24T16:49:45","slug":"special-seeds-auto-gorila-glue-xxl-sativa","status":"publish","type":"product","link":"https:\/\/maxicomprasonline.com\/?product=special-seeds-auto-gorila-glue-xxl-sativa","title":{"rendered":"SPECIAL SEEDS AUTO GORILA GLUE XXL SATIVA"},"content":{"rendered":"<p><strong>INDICA:<br \/>\nTHC:<br \/>\nCBD:<br \/>\nFLORACI\u00d3N:<br \/>\nPRODUCCI\u00d3N:<br \/>\nOR\u00cdGEN:\u00a0<\/strong>+Chem Sisters +Sour Dubb +Chocolate Diesel<\/p>\n<p>La Gorilla Glue va mucho m\u00e1s all\u00e1 de ser \u00absimplemente\u00bb una indica ultra potente. Brilla gracias a una cantidad brutal de tricomas arom\u00e1ticos d\u00e1ndole el excelente sabor que mezcla notas dulces y terrosas en la nariz con toques a pino y lim\u00f3n. Esa producci\u00f3n de resina se la marca caracter\u00edstica, que convierte a sus cogollos y al resto de la planta en super pringosas como el pegamento.<\/p>\n","protected":false},"excerpt":{"rendered":"<p>La Gorilla Glue va mucho m\u00e1s all\u00e1 de ser \u00absimplemente\u00bb una indica ultra potente. Brilla gracias a una cantidad brutal de tricomas arom\u00e1ticos d\u00e1ndole el excelente sabor que mezcla notas dulces y terrosas en la nariz con toques a pino y lim\u00f3n. Esa producci\u00f3n de resina se la marca caracter\u00edstica, que convierte a sus cogollos y al resto de la planta en super pringosas como el pegamento.<\/p>\n","protected":false},"featured_media":4621,"comment_status":"open","ping_status":"closed","template":"","meta":{"site-sidebar-layout":"default","site-content-layout":"default","ast-global-header-display":"","ast-main-header-display":"","ast-hfb-above-header-display":"","ast-hfb-below-header-display":"","ast-hfb-mobile-header-display":"","site-post-title":"","ast-breadcrumbs-content":"","ast-featured-img":"","footer-sml-layout":"","theme-transparent-header-meta":"default","adv-header-id-meta":"","stick-header-meta":"","header-above-stick-meta":"","header-main-stick-meta":"","header-below-stick-meta":""},"product_cat":[27,29],"product_tag":[],"_links":{"self":[{"href":"https:\/\/maxicomprasonline.com\/index.php?rest_route=\/wp\/v2\/product\/4620"}],"collection":[{"href":"https:\/\/maxicomprasonline.com\/index.php?rest_route=\/wp\/v2\/product"}],"about":[{"href":"https:\/\/maxicomprasonline.com\/index.php?rest_route=\/wp\/v2\/types\/product"}],"replies":[{"embeddable":true,"href":"https:\/\/maxicomprasonline.com\/index.php?rest_route=%2Fwp%2Fv2%2Fcomments&post=4620"}],"wp:featuredmedia":[{"embeddable":true,"href":"https:\/\/maxicomprasonline.com\/index.php?rest_route=\/wp\/v2\/media\/4621"}],"wp:attachment":[{"href":"https:\/\/maxicomprasonline.com\/index.php?rest_route=%2Fwp%2Fv2%2Fmedia&parent=4620"}],"wp:term":[{"taxonomy":"product_cat","embeddable":true,"href":"https:\/\/maxicomprasonline.com\/index.php?rest_route=%2Fwp%2Fv2%2Fproduct_cat&post=4620"},{"taxonomy":"product_tag","embeddable":true,"href":"https:\/\/maxicomprasonline.com\/index.php?rest_route=%2Fwp%2Fv2%2Fproduct_tag&post=4620"}],"curies":[{"name":"wp","href":"https:\/\/api.w.org\/{rel}","templated":true}]}}